{"id":48,"date":"2018-01-06T23:21:38","date_gmt":"2018-01-06T22:21:38","guid":{"rendered":"https:\/\/bogengemeinschaften.de\/freckenhorster\/?page_id=48"},"modified":"2018-01-14T01:08:00","modified_gmt":"2018-01-14T00:08:00","slug":"danke","status":"publish","type":"page","link":"https:\/\/bogengemeinschaften.de\/oststrasse\/danke\/","title":{"rendered":"Danke!"},"content":{"rendered":"<p><strong>Der Vorstand der Bogengemeinschaft Oststra\u00dfe sagt DANKE!<\/p>\n<p><\/strong> Danke den Nachbarinnen und Nachbarn, Freunden und G\u00f6nnern des Oststra\u00dfen Bogens. Nur durch Eure finanzielle Hilfe ist es uns m\u00f6glich, den Bogen jedes Jahr neu aufzubauen, damit er zu unserem Heimatfest seinen Glanz und seine Ausstrahlung zeigt.<\/p>\n<p>Wenn tausende von Besuchern am Samstagabend durch die festlich geschm\u00fcckte Stadt ziehen, um die einzigartige Stimmung und die Marienlieder unter dem Bogen in sich aufzunehmen, dann haben wir das erreicht, worauf wir Jahr f\u00fcr Jahr hinarbeiten. Steckt doch viel Arbeit darin, den Bogen &#8211; er ist ja auch schon \u00fcber 80 Jahre alt &#8211; immer wieder \u201eauf Vordermann zu bringen\u201c.<\/p>\n<p>Und daf\u00fcr brauchen wir auch in Zukunft die Hilfe der Nachbarn. Nicht nur in finanzieller Hinsicht, sondern auch der pers\u00f6nliche Einsatz ist beim Auf- und Abbau gefragt. Dabei tragen die M\u00e4nner der Nachbarschaft den Bogen sozusagen \u201eauf den Schultern\u201c und die Frauen sorgen f\u00fcr das leibliche Wohl und bereiten das Fr\u00fchst\u00fcck vor.<\/p>\n<p>Daf\u00fcr sagen wir, der Vorstand der Bogengemeinschaft Oststra\u00dfe, nochmals herzlich Danke.\u00a0Danke ist hier nur ein geschriebenes Wort, aber es soll noch mehr ausdr\u00fccken, denn es kommt vom Herzen.<\/p>\n<p><strong>Danke f\u00fcr eure Hilfe.<\/strong><\/p>\n","protected":false},"excerpt":{"rendered":"<p>Der Vorstand der Bogengemeinschaft Oststra\u00dfe sagt DANKE! Danke den Nachbarinnen und Nachbarn, Freunden und G\u00f6nnern des Oststra\u00dfen Bogens. Nur durch Eure finanzielle Hilfe ist es uns m\u00f6glich, den Bogen jedes Jahr neu aufzubauen, damit er zu unserem Heimatfest seinen Glanz<\/p>\n","protected":false},"author":9,"featured_media":0,"parent":0,"menu_order":0,"comment_status":"closed","ping_status":"closed","template":"","meta":{"footnotes":""},"class_list":["post-48","page","type-page","status-publish","hentry"],"_links":{"self":[{"href":"https:\/\/bogengemeinschaften.de\/oststrasse\/wp-json\/wp\/v2\/pages\/48","targetHints":{"allow":["GET"]}}],"collection":[{"href":"https:\/\/bogengemeinschaften.de\/oststrasse\/wp-json\/wp\/v2\/pages"}],"about":[{"href":"https:\/\/bogengemeinschaften.de\/oststrasse\/wp-json\/wp\/v2\/types\/page"}],"author":[{"embeddable":true,"href":"https:\/\/bogengemeinschaften.de\/oststrasse\/wp-json\/wp\/v2\/users\/9"}],"replies":[{"embeddable":true,"href":"https:\/\/bogengemeinschaften.de\/oststrasse\/wp-json\/wp\/v2\/comments?post=48"}],"version-history":[{"count":1,"href":"https:\/\/bogengemeinschaften.de\/oststrasse\/wp-json\/wp\/v2\/pages\/48\/revisions"}],"predecessor-version":[{"id":61,"href":"https:\/\/bogengemeinschaften.de\/oststrasse\/wp-json\/wp\/v2\/pages\/48\/revisions\/61"}],"wp:attachment":[{"href":"https:\/\/bogengemeinschaften.de\/oststrasse\/wp-json\/wp\/v2\/media?parent=48"}],"curies":[{"name":"wp","href":"https:\/\/api.w.org\/{rel}","templated":true}]}}