{"id":44,"date":"2018-01-06T23:20:52","date_gmt":"2018-01-06T22:20:52","guid":{"rendered":"https:\/\/bogengemeinschaften.de\/freckenhorster\/?page_id=44"},"modified":"2021-11-08T22:18:40","modified_gmt":"2021-11-08T21:18:40","slug":"kontakt","status":"publish","type":"page","link":"https:\/\/bogengemeinschaften.de\/oststrasse\/kontakt\/","title":{"rendered":"Kontakt \/ Impressum \/ Datenschutz"},"content":{"rendered":"<p><strong>Verantwortlich f\u00fcr die Seiten der Bogengemeischaft Oststra\u00dfe:<br \/>\n<\/strong>Oliver Prinz <a href=\"m&#97;&#105;&#x6c;&#x74;&#x6f;&#x3a;o&#46;&#112;&#114;&#x69;&#x6e;&#x7a;&#64;g&#109;&#120;&#x2e;&#x6e;&#x65;t\">o.prinz[at]gmx.net<\/a><br \/>\nAndreas Kuhlmeier <a href=\"&#109;&#x61;&#105;&#x6c;&#116;&#x6f;:&#x66;a&#109;&#x2d;&#107;&#x75;&#104;&#x6c;m&#x65;i&#101;&#x72;&#64;&#x74;&#45;&#x6f;&#110;&#x6c;i&#x6e;e&#46;&#x64;&#101;\">fam-kuhlmeier[at]t-online.de<\/a><\/p>\n<p><strong>Bogenvorsitzende:<br \/>\n<\/strong>Andreas Kuhlmeier &amp; Paul Buxbaum<\/p>\n<p><strong>Verantwortlich f\u00fcr die Pressearbeit:<br \/>\n<\/strong>Oliver Prinz<\/p>\n<p><strong>Vereinsregister:<\/strong><br \/>\nDie Bogengemeinschaft Oststrasse ist ein eingetragener Verein im Vereinsregister Nordrhein-Westfalen, Amtsgericht M\u00fcnster unter der Register-Nummer: <b>VR 60762<\/b><\/p>\n<p><strong>Externe Links:<\/strong><br \/>\nUnsere Internetseiten k\u00f6nnen teilweise externe Links zu anderen Internetseiten enthalten. Wir sind nicht verantwortlich f\u00fcr die Beachtung der Datenschutzregelungen oder die Inhalte anderer Internetseiten. Wir empfehlen, dass Sie die Datenschutzregelungen der jeweiligen von Ihnen besuchten Internetseite sorgf\u00e4ltig durchlesen.<\/p>\n<p><strong>Copyright:<\/strong><br \/>\nDie auf den Internetseiten der Bogengemeinschaft Oststra\u00dfe enthaltenen Inhalte sind urheberrechtlich gesch\u00fctzt. Die Bogengemeinschaft Oststra\u00dfe gestattet das Sichten und Herunterladen s\u00e4mtlicher Inhalte auf ihren Internetseiten ausschlie\u00dflich zu privatem, nichtkommerziellem Gebrauch. Weitergehende Nutzungs- oder Gebrauchsrechte k\u00f6nnen durch entsprechende Einwilligung der Bogengemeinschaft Oststra\u00dfe vergeben werden. Eine etwaige Verlinkung ist nur mit Zustimmung der\u00a0Bogengemeinschaft Oststra\u00dfe erlaubt.<\/p>\n<p><strong>Download:<\/strong><br \/>\nDer Download von Programmen und Dateien erfolgt auf eigene Gefahr. Die Bogengemeinschaft Oststra\u00dfe haftet nicht f\u00fcr Sch\u00e4den, die aus der dem Download oder der Nutzung dieser Website r\u00fchren, soweit dies gesetzlich oder lizenzrechtlich zul\u00e4ssig ist. Trotz aktueller Virenpr\u00fcfung ist eine Haftung f\u00fcr Sch\u00e4den und Beeintr\u00e4chtigungen durch Computerviren im Rahmen der gesetzlichen Regelungen ausgeschlossen.<\/p>\n<p><strong>Gew\u00e4hrleistung:<br \/>\n<\/strong>Die Informationen auf den Internetseiten\u00a0der Bogengemeinschaft Oststra\u00dfe werden mit gr\u00f6\u00dfter Sorgfalt erstellt. Die Bogengemeinschaft Oststra\u00dfe \u00fcbernimmt jedoch keine Gew\u00e4hr f\u00fcr deren Vollst\u00e4ndigkeit, Aktualit\u00e4t, Qualit\u00e4t oder Geeignetheit f\u00fcr bestimmte Verwendungszwecke. Die Nutzung der Internetseiten und der auf den Internetseiten zur Verf\u00fcgung gestellten Inhalte erfolgt auf alleinige Gefahr des Nutzers.<\/p>\n<p><strong>Umgang mit personenbezogenen Daten:<br \/>\n<\/strong>Wir erheben, nutzen und geben Ihre personenbezogenen Daten nur dann weiter, wenn dies im gesetzlichen Rahmen erlaubt ist oder Sie in die Datenerhebung einwilligen.<br \/>\nAls personenbezogene Daten gelten s\u00e4mtliche Informationen, welche dazu dienen, Ihre Person zu bestimmen und welche zu Ihnen zur\u00fcckverfolgt werden k\u00f6nnen \u2013 also beispielsweise Ihr Name, Ihre E-Mail-Adresse, Telefonnummer, Wohnadresse oder \u00e4hnliches.<\/p>\n<p><strong>Umgang mit Kontaktdaten:<br \/>\n<\/strong>Nehmen Sie mit uns durch die angebotenen Kontaktm\u00f6glichkeiten Verbindung auf, werden Ihre Angaben gespeichert, damit auf diese zur Bearbeitung und Beantwortung Ihrer Anfrage zur\u00fcckgegriffen werden kann. Ohne Ihre Einwilligung werden diese Daten nicht an Dritte weitergegeben.<\/p>\n","protected":false},"excerpt":{"rendered":"<p>Verantwortlich f\u00fcr die Seiten der Bogengemeischaft Oststra\u00dfe: Oliver Prinz o.prinz[at]gmx.net Andreas Kuhlmeier fam-kuhlmeier[at]t-online.de Bogenvorsitzende: Andreas Kuhlmeier &amp; Paul Buxbaum Verantwortlich f\u00fcr die Pressearbeit: Oliver Prinz Vereinsregister: Die Bogengemeinschaft Oststrasse ist ein eingetragener Verein im Vereinsregister Nordrhein-Westfalen, Amtsgericht M\u00fcnster unter der<\/p>\n","protected":false},"author":9,"featured_media":0,"parent":0,"menu_order":0,"comment_status":"closed","ping_status":"closed","template":"","meta":{"footnotes":""},"class_list":["post-44","page","type-page","status-publish","hentry"],"_links":{"self":[{"href":"https:\/\/bogengemeinschaften.de\/oststrasse\/wp-json\/wp\/v2\/pages\/44","targetHints":{"allow":["GET"]}}],"collection":[{"href":"https:\/\/bogengemeinschaften.de\/oststrasse\/wp-json\/wp\/v2\/pages"}],"about":[{"href":"https:\/\/bogengemeinschaften.de\/oststrasse\/wp-json\/wp\/v2\/types\/page"}],"author":[{"embeddable":true,"href":"https:\/\/bogengemeinschaften.de\/oststrasse\/wp-json\/wp\/v2\/users\/9"}],"replies":[{"embeddable":true,"href":"https:\/\/bogengemeinschaften.de\/oststrasse\/wp-json\/wp\/v2\/comments?post=44"}],"version-history":[{"count":6,"href":"https:\/\/bogengemeinschaften.de\/oststrasse\/wp-json\/wp\/v2\/pages\/44\/revisions"}],"predecessor-version":[{"id":211,"href":"https:\/\/bogengemeinschaften.de\/oststrasse\/wp-json\/wp\/v2\/pages\/44\/revisions\/211"}],"wp:attachment":[{"href":"https:\/\/bogengemeinschaften.de\/oststrasse\/wp-json\/wp\/v2\/media?parent=44"}],"curies":[{"name":"wp","href":"https:\/\/api.w.org\/{rel}","templated":true}]}}