{"id":114,"date":"2018-05-21T19:50:42","date_gmt":"2018-05-21T17:50:42","guid":{"rendered":"https:\/\/bogengemeinschaften.de\/oststrasse\/?page_id=114"},"modified":"2023-08-07T15:09:06","modified_gmt":"2023-08-07T13:09:06","slug":"bogenfahrten","status":"publish","type":"page","link":"https:\/\/bogengemeinschaften.de\/oststrasse\/bogenfahrten\/","title":{"rendered":"Bogenfahrten"},"content":{"rendered":"\n<p>Eine sch\u00f6ne Tradition unserer Bogengemeinschaft sind die j\u00e4hrlichen Bogenfahrten. Ein Wochenende mit einer \u00dcbernachtung an einem interessanten Ort in erreichbarer Entfernung. Es soll Jung und Alt gefallen, nicht stressig sondern gem\u00fctlich sein, die Gemeinschaft f\u00f6rdern und der Weg ist auch immer das Ziel. Es wird ein Reisebus gechartert und Samstags geht es fr\u00fchmorgens los. Sonntagsabends ist man wieder zur\u00fcck in Warendorf. Die Tour und das Ziel wurden im Vorhinein durch eine Vortour ausbaldowert.<\/p>\n\n\n\n<p>Leider musste die Bogenfahrt aufgrund zu weniger Anmeldungen, was den Preis f\u00fcr den\/die Einzelne\/n zu hoch getrieben h\u00e4tte, 2017 bis 2019 ausfallen. Danach folgten &#8222;Corona-Jahre&#8220;, die das Wiederaufleben der Bogenfahrten auch erschwerten. Aufgeschoben ist aber nicht aufgehoben!<\/p>\n\n\n\n<h2 class=\"wp-block-heading\">2023 sollte die Tradition endlich wieder aufleben!<\/h2>\n\n\n\n<p>Es gibt die Idee der Bogenfahrt noch!<br>Wir &#8211; J\u00fcrgen, Thomas, Olli und Dieter &#8211; hatten die Idee eigentlich schon f\u00fcr dieses Jahr geplant &#8211; nun kann sie aber wohl erst 2024 in die Tat umgesetzt werden.<br>Die Anmeldezahlen waren einfach zu gering. Einen Bus h\u00e4tten wir nicht ann\u00e4hernd voll bekommen und auch f\u00fcr eine Fahrt mit Privatfahrzeugen waren es zu wenige Anmeldungen. Wir nehmen jetzt nochmal neu Anlauf und nehmen die Planungen mit ins n\u00e4chste Jahr.<br>Ziel ist das <a rel=\"noreferrer noopener\" href=\"https:\/\/www.lwl-freilichtmuseum-hagen.de\/de\/\" target=\"_blank\">LWL Freilichtmuseum in Hagen<\/a> = eine <strong>Tagesfahrt<\/strong>, Start 9:00 Uhr &gt; Ende ca. 20:00 Uhr.<br>Das Anmeldeformular hat vorerst keine G\u00fcltigkeit mehr:<\/p>\n\n\n\n<div data-wp-interactive=\"core\/file\" class=\"wp-block-file\"><object data-wp-bind--hidden=\"!state.hasPdfPreview\" hidden class=\"wp-block-file__embed\" data=\"https:\/\/bogengemeinschaften.de\/oststrasse\/wp-content\/uploads\/sites\/9\/2023\/06\/Anmeldeformular_Bogengemeinschaft-Oststrasse_Bogenfahrt-2023.pdf\" type=\"application\/pdf\" style=\"width:100%;height:600px\" aria-label=\"Einbettung von Anmeldeformular_Bogengemeinschaft-Oststrasse_Bogenfahrt-2023.\"><\/object><a id=\"wp-block-file--media-a5ce2c1e-2f34-49af-b7a3-e4e239c3cde2\" href=\"https:\/\/bogengemeinschaften.de\/oststrasse\/wp-content\/uploads\/sites\/9\/2023\/06\/Anmeldeformular_Bogengemeinschaft-Oststrasse_Bogenfahrt-2023.pdf\">Anmeldeformular_Bogengemeinschaft-Oststrasse_Bogenfahrt-2023<\/a><a href=\"https:\/\/bogengemeinschaften.de\/oststrasse\/wp-content\/uploads\/sites\/9\/2023\/06\/Anmeldeformular_Bogengemeinschaft-Oststrasse_Bogenfahrt-2023.pdf\" class=\"wp-block-file__button wp-element-button\" download aria-describedby=\"wp-block-file--media-a5ce2c1e-2f34-49af-b7a3-e4e239c3cde2\">Herunterladen<\/a><\/div>\n\n\n\n<p>Lasst uns wieder zusammen etwas Tolles unternehmen!<\/p>\n\n\n\n<hr class=\"wp-block-separator has-alpha-channel-opacity\" \/>\n\n\n\n<p>Hier die Ziele unserer letzten 3 Bogenfahrten:<\/p>\n\n\n\n<figure class=\"wp-block-image aligncenter size-large wp-image-108\"><img loading=\"lazy\" decoding=\"async\" width=\"1024\" height=\"768\" src=\"https:\/\/bogengemeinschaften.de\/oststrasse\/wp-content\/uploads\/sites\/9\/2018\/05\/Bogengemeinschaft-Oststrasse_Bogenfahrt-2014_Amersfoort-1024x768.jpg\" alt=\"\" class=\"wp-image-108\" srcset=\"https:\/\/bogengemeinschaften.de\/oststrasse\/wp-content\/uploads\/sites\/9\/2018\/05\/Bogengemeinschaft-Oststrasse_Bogenfahrt-2014_Amersfoort-1024x768.jpg 1024w, https:\/\/bogengemeinschaften.de\/oststrasse\/wp-content\/uploads\/sites\/9\/2018\/05\/Bogengemeinschaft-Oststrasse_Bogenfahrt-2014_Amersfoort-300x225.jpg 300w, https:\/\/bogengemeinschaften.de\/oststrasse\/wp-content\/uploads\/sites\/9\/2018\/05\/Bogengemeinschaft-Oststrasse_Bogenfahrt-2014_Amersfoort-768x576.jpg 768w, https:\/\/bogengemeinschaften.de\/oststrasse\/wp-content\/uploads\/sites\/9\/2018\/05\/Bogengemeinschaft-Oststrasse_Bogenfahrt-2014_Amersfoort.jpg 1600w\" sizes=\"auto, (max-width: 1024px) 100vw, 1024px\" \/><figcaption class=\"wp-element-caption\">2014 ging es in das niederl\u00e4ndische Amersfoort<\/figcaption><\/figure>\n\n\n\n<figure class=\"wp-block-image aligncenter size-large wp-image-109\"><img loading=\"lazy\" decoding=\"async\" width=\"1024\" height=\"768\" src=\"https:\/\/bogengemeinschaften.de\/oststrasse\/wp-content\/uploads\/sites\/9\/2018\/05\/Bogengemeinschaft-Oststrasse_Bogenfahrt-2015_Lueneburger-Heide-1024x768.jpg\" alt=\"\" class=\"wp-image-109\" srcset=\"https:\/\/bogengemeinschaften.de\/oststrasse\/wp-content\/uploads\/sites\/9\/2018\/05\/Bogengemeinschaft-Oststrasse_Bogenfahrt-2015_Lueneburger-Heide-1024x768.jpg 1024w, https:\/\/bogengemeinschaften.de\/oststrasse\/wp-content\/uploads\/sites\/9\/2018\/05\/Bogengemeinschaft-Oststrasse_Bogenfahrt-2015_Lueneburger-Heide-300x225.jpg 300w, https:\/\/bogengemeinschaften.de\/oststrasse\/wp-content\/uploads\/sites\/9\/2018\/05\/Bogengemeinschaft-Oststrasse_Bogenfahrt-2015_Lueneburger-Heide-768x576.jpg 768w, https:\/\/bogengemeinschaften.de\/oststrasse\/wp-content\/uploads\/sites\/9\/2018\/05\/Bogengemeinschaft-Oststrasse_Bogenfahrt-2015_Lueneburger-Heide.jpg 1600w\" sizes=\"auto, (max-width: 1024px) 100vw, 1024px\" \/><figcaption class=\"wp-element-caption\">2015 ging die Bogenfahrt in die L\u00fcneburger Heide<\/figcaption><\/figure>\n\n\n\n<figure class=\"wp-block-image aligncenter size-large wp-image-110\"><img loading=\"lazy\" decoding=\"async\" width=\"1024\" height=\"768\" src=\"https:\/\/bogengemeinschaften.de\/oststrasse\/wp-content\/uploads\/sites\/9\/2018\/05\/Bogengemeinschaft-Oststrasse_Bogenfahrt-2016_Bad-Honnef-1024x768.jpg\" alt=\"\" class=\"wp-image-110\" srcset=\"https:\/\/bogengemeinschaften.de\/oststrasse\/wp-content\/uploads\/sites\/9\/2018\/05\/Bogengemeinschaft-Oststrasse_Bogenfahrt-2016_Bad-Honnef-1024x768.jpg 1024w, https:\/\/bogengemeinschaften.de\/oststrasse\/wp-content\/uploads\/sites\/9\/2018\/05\/Bogengemeinschaft-Oststrasse_Bogenfahrt-2016_Bad-Honnef-300x225.jpg 300w, https:\/\/bogengemeinschaften.de\/oststrasse\/wp-content\/uploads\/sites\/9\/2018\/05\/Bogengemeinschaft-Oststrasse_Bogenfahrt-2016_Bad-Honnef-768x576.jpg 768w, https:\/\/bogengemeinschaften.de\/oststrasse\/wp-content\/uploads\/sites\/9\/2018\/05\/Bogengemeinschaft-Oststrasse_Bogenfahrt-2016_Bad-Honnef.jpg 1600w\" sizes=\"auto, (max-width: 1024px) 100vw, 1024px\" \/><figcaption class=\"wp-element-caption\">2016 war Bad Honnef u. a. mit dem Drachenfels das Ziel<\/figcaption><\/figure>\n","protected":false},"excerpt":{"rendered":"<p>Eine sch\u00f6ne Tradition unserer Bogengemeinschaft sind die j\u00e4hrlichen Bogenfahrten. Ein Wochenende mit einer \u00dcbernachtung an einem interessanten Ort in erreichbarer Entfernung. Es soll Jung und Alt gefallen, nicht stressig sondern gem\u00fctlich sein, die Gemeinschaft f\u00f6rdern und der Weg ist auch<\/p>\n","protected":false},"author":9,"featured_media":0,"parent":0,"menu_order":0,"comment_status":"closed","ping_status":"closed","template":"","meta":{"footnotes":""},"class_list":["post-114","page","type-page","status-publish","hentry"],"_links":{"self":[{"href":"https:\/\/bogengemeinschaften.de\/oststrasse\/wp-json\/wp\/v2\/pages\/114","targetHints":{"allow":["GET"]}}],"collection":[{"href":"https:\/\/bogengemeinschaften.de\/oststrasse\/wp-json\/wp\/v2\/pages"}],"about":[{"href":"https:\/\/bogengemeinschaften.de\/oststrasse\/wp-json\/wp\/v2\/types\/page"}],"author":[{"embeddable":true,"href":"https:\/\/bogengemeinschaften.de\/oststrasse\/wp-json\/wp\/v2\/users\/9"}],"replies":[{"embeddable":true,"href":"https:\/\/bogengemeinschaften.de\/oststrasse\/wp-json\/wp\/v2\/comments?post=114"}],"version-history":[{"count":6,"href":"https:\/\/bogengemeinschaften.de\/oststrasse\/wp-json\/wp\/v2\/pages\/114\/revisions"}],"predecessor-version":[{"id":280,"href":"https:\/\/bogengemeinschaften.de\/oststrasse\/wp-json\/wp\/v2\/pages\/114\/revisions\/280"}],"wp:attachment":[{"href":"https:\/\/bogengemeinschaften.de\/oststrasse\/wp-json\/wp\/v2\/media?parent=114"}],"curies":[{"name":"wp","href":"https:\/\/api.w.org\/{rel}","templated":true}]}}

<p>Eine schöne Tradition unserer Bogengemeinschaft sind die jährlichen Bogenfahrten. Ein Wochenende mit einer Übernachtung an einem interessanten Ort in erreichbarer Entfernung. Es soll Jung und Alt gefallen, nicht stressig sondern gemütlich sein, die Gemeinschaft fördern und der Weg ist auch immer das Ziel. Es wird ein Reisebus gechartert und Samstags geht es frühmorgens los. Sonntagsabends ist man wieder zurück in Warendorf. Die Tour und das Ziel wurden im Vorhinein durch eine Vortour ausbaldowert.</p>



<p>Leider musste die Bogenfahrt aufgrund zu weniger Anmeldungen, was den Preis für den/die Einzelne/n zu hoch getrieben hätte, 2017 bis 2019 ausfallen. Danach folgten &#8222;Corona-Jahre&#8220;, die das Wiederaufleben der Bogenfahrten auch erschwerten. Aufgeschoben ist aber nicht aufgehoben!</p>



<h2 class="wp-block-heading">2023 sollte die Tradition endlich wieder aufleben!</h2>



<p>Es gibt die Idee der Bogenfahrt noch!<br>Wir &#8211; Jürgen, Thomas, Olli und Dieter &#8211; hatten die Idee eigentlich schon für dieses Jahr geplant &#8211; nun kann sie aber wohl erst 2024 in die Tat umgesetzt werden.<br>Die Anmeldezahlen waren einfach zu gering. Einen Bus hätten wir nicht annähernd voll bekommen und auch für eine Fahrt mit Privatfahrzeugen waren es zu wenige Anmeldungen. Wir nehmen jetzt nochmal neu Anlauf und nehmen die Planungen mit ins nächste Jahr.<br>Ziel ist das <a rel="noreferrer noopener" href="https://www.lwl-freilichtmuseum-hagen.de/de/" target="_blank">LWL Freilichtmuseum in Hagen</a> = eine <strong>Tagesfahrt</strong>, Start 9:00 Uhr &gt; Ende ca. 20:00 Uhr.<br>Das Anmeldeformular hat vorerst keine Gültigkeit mehr:</p>



<div data-wp-interactive="core/file" class="wp-block-file"><object data-wp-bind--hidden="!state.hasPdfPreview" hidden class="wp-block-file__embed" data="https://bogengemeinschaften.de/oststrasse/wp-content/uploads/sites/9/2023/06/Anmeldeformular_Bogengemeinschaft-Oststrasse_Bogenfahrt-2023.pdf" type="application/pdf" style="width:100%;height:600px" aria-label="Einbettung von Anmeldeformular_Bogengemeinschaft-Oststrasse_Bogenfahrt-2023."></object><a id="wp-block-file--media-a5ce2c1e-2f34-49af-b7a3-e4e239c3cde2" href="https://bogengemeinschaften.de/oststrasse/wp-content/uploads/sites/9/2023/06/Anmeldeformular_Bogengemeinschaft-Oststrasse_Bogenfahrt-2023.pdf">Anmeldeformular_Bogengemeinschaft-Oststrasse_Bogenfahrt-2023</a><a href="https://bogengemeinschaften.de/oststrasse/wp-content/uploads/sites/9/2023/06/Anmeldeformular_Bogengemeinschaft-Oststrasse_Bogenfahrt-2023.pdf" class="wp-block-file__button wp-element-button" download aria-describedby="wp-block-file--media-a5ce2c1e-2f34-49af-b7a3-e4e239c3cde2">Herunterladen</a></div>



<p>Lasst uns wieder zusammen etwas Tolles unternehmen!</p>



<hr class="wp-block-separator has-alpha-channel-opacity" />



<p>Hier die Ziele unserer letzten 3 Bogenfahrten:</p>



<figure class="wp-block-image aligncenter size-large wp-image-108"><img loading="lazy" decoding="async" width="1024" height="768" src="https://bogengemeinschaften.de/oststrasse/wp-content/uploads/sites/9/2018/05/Bogengemeinschaft-Oststrasse_Bogenfahrt-2014_Amersfoort-1024x768.jpg" alt="" class="wp-image-108" srcset="https://bogengemeinschaften.de/oststrasse/wp-content/uploads/sites/9/2018/05/Bogengemeinschaft-Oststrasse_Bogenfahrt-2014_Amersfoort-1024x768.jpg 1024w, https://bogengemeinschaften.de/oststrasse/wp-content/uploads/sites/9/2018/05/Bogengemeinschaft-Oststrasse_Bogenfahrt-2014_Amersfoort-300x225.jpg 300w, https://bogengemeinschaften.de/oststrasse/wp-content/uploads/sites/9/2018/05/Bogengemeinschaft-Oststrasse_Bogenfahrt-2014_Amersfoort-768x576.jpg 768w, https://bogengemeinschaften.de/oststrasse/wp-content/uploads/sites/9/2018/05/Bogengemeinschaft-Oststrasse_Bogenfahrt-2014_Amersfoort.jpg 1600w" sizes="auto, (max-width: 1024px) 100vw, 1024px" /><figcaption class="wp-element-caption">2014 ging es in das niederländische Amersfoort</figcaption></figure>



<figure class="wp-block-image aligncenter size-large wp-image-109"><img loading="lazy" decoding="async" width="1024" height="768" src="https://bogengemeinschaften.de/oststrasse/wp-content/uploads/sites/9/2018/05/Bogengemeinschaft-Oststrasse_Bogenfahrt-2015_Lueneburger-Heide-1024x768.jpg" alt="" class="wp-image-109" srcset="https://bogengemeinschaften.de/oststrasse/wp-content/uploads/sites/9/2018/05/Bogengemeinschaft-Oststrasse_Bogenfahrt-2015_Lueneburger-Heide-1024x768.jpg 1024w, https://bogengemeinschaften.de/oststrasse/wp-content/uploads/sites/9/2018/05/Bogengemeinschaft-Oststrasse_Bogenfahrt-2015_Lueneburger-Heide-300x225.jpg 300w, https://bogengemeinschaften.de/oststrasse/wp-content/uploads/sites/9/2018/05/Bogengemeinschaft-Oststrasse_Bogenfahrt-2015_Lueneburger-Heide-768x576.jpg 768w, https://bogengemeinschaften.de/oststrasse/wp-content/uploads/sites/9/2018/05/Bogengemeinschaft-Oststrasse_Bogenfahrt-2015_Lueneburger-Heide.jpg 1600w" sizes="auto, (max-width: 1024px) 100vw, 1024px" /><figcaption class="wp-element-caption">2015 ging die Bogenfahrt in die Lüneburger Heide</figcaption></figure>



<figure class="wp-block-image aligncenter size-large wp-image-110"><img loading="lazy" decoding="async" width="1024" height="768" src="https://bogengemeinschaften.de/oststrasse/wp-content/uploads/sites/9/2018/05/Bogengemeinschaft-Oststrasse_Bogenfahrt-2016_Bad-Honnef-1024x768.jpg" alt="" class="wp-image-110" srcset="https://bogengemeinschaften.de/oststrasse/wp-content/uploads/sites/9/2018/05/Bogengemeinschaft-Oststrasse_Bogenfahrt-2016_Bad-Honnef-1024x768.jpg 1024w, https://bogengemeinschaften.de/oststrasse/wp-content/uploads/sites/9/2018/05/Bogengemeinschaft-Oststrasse_Bogenfahrt-2016_Bad-Honnef-300x225.jpg 300w, https://bogengemeinschaften.de/oststrasse/wp-content/uploads/sites/9/2018/05/Bogengemeinschaft-Oststrasse_Bogenfahrt-2016_Bad-Honnef-768x576.jpg 768w, https://bogengemeinschaften.de/oststrasse/wp-content/uploads/sites/9/2018/05/Bogengemeinschaft-Oststrasse_Bogenfahrt-2016_Bad-Honnef.jpg 1600w" sizes="auto, (max-width: 1024px) 100vw, 1024px" /><figcaption class="wp-element-caption">2016 war Bad Honnef u. a. mit dem Drachenfels das Ziel</figcaption></figure>

<p>Eine schöne Tradition unserer Bogengemeinschaft sind die jährlichen Bogenfahrten. Ein Wochenende mit einer Übernachtung an einem interessanten Ort in erreichbarer Entfernung. Es soll Jung und Alt gefallen, nicht stressig sondern gemütlich sein, die Gemeinschaft fördern und der Weg ist auch</p>
