{"id":44,"date":"2018-01-06T23:20:52","date_gmt":"2018-01-06T22:20:52","guid":{"rendered":"https:\/\/bogengemeinschaften.de\/freckenhorster\/?page_id=44"},"modified":"2026-04-01T20:26:42","modified_gmt":"2026-04-01T18:26:42","slug":"kontakt","status":"publish","type":"page","link":"https:\/\/bogengemeinschaften.de\/muensterstrasse\/kontakt\/","title":{"rendered":"Kontakt"},"content":{"rendered":"<p><strong>Verantwortlich f\u00fcr Webpr\u00e4senz des Bogens M\u00fcnsterstra\u00dfe\/M\u00fcnstertor:<\/strong><\/p>\n<p>Lukas D\u00f6hring<br \/>\n<a href=\"&#x6d;a&#x69;&#108;&#x74;&#111;&#x3a;&#x62;o&#x67;&#101;&#x6e;&#115;&#x75;&#112;p&#x6f;&#114;&#x74;&#64;&#x64;&#105;n&#x77;&#46;&#x64;&#101;\">&#98;&#x6f;&#x67;e&#110;&#x73;u&#112;&#x70;&#x6f;r&#116;&#x40;d&#105;&#x6e;&#x77;&#46;&#100;&#x65;<\/a><\/p>\n<p>&nbsp;<\/p>\n<p><strong>Bogenvorsitzende:<br \/>\n<\/strong><br \/>\nTobias D\u00f6hring und Friedhelm Seyler<\/p>\n<p>&nbsp;<\/p>\n<p><strong>Verantwortlich f\u00fcr die Pressearbeit:<br \/>\n<\/strong><br \/>\nLukas D\u00f6hring und Friedhelm Seyler<\/p>\n","protected":false},"excerpt":{"rendered":"<p>Verantwortlich f\u00fcr Webpr\u00e4senz des Bogens M\u00fcnsterstra\u00dfe\/M\u00fcnstertor: Lukas D\u00f6hring &#x62;&#x6f;&#x67;&#x65;&#x6e;&#x73;&#x75;&#x70;&#x70;&#x6f;&#x72;&#116;&#64;&#100;&#105;&#110;&#119;&#46;de &nbsp; Bogenvorsitzende: Tobias D\u00f6hring und Friedhelm Seyler &nbsp; Verantwortlich f\u00fcr die Pressearbeit: Lukas D\u00f6hring und Friedhelm Seyler<\/p>\n","protected":false},"author":7,"featured_media":0,"parent":0,"menu_order":0,"comment_status":"closed","ping_status":"closed","template":"","meta":{"footnotes":""},"class_list":["post-44","page","type-page","status-publish","hentry"],"_links":{"self":[{"href":"https:\/\/bogengemeinschaften.de\/muensterstrasse\/wp-json\/wp\/v2\/pages\/44","targetHints":{"allow":["GET"]}}],"collection":[{"href":"https:\/\/bogengemeinschaften.de\/muensterstrasse\/wp-json\/wp\/v2\/pages"}],"about":[{"href":"https:\/\/bogengemeinschaften.de\/muensterstrasse\/wp-json\/wp\/v2\/types\/page"}],"author":[{"embeddable":true,"href":"https:\/\/bogengemeinschaften.de\/muensterstrasse\/wp-json\/wp\/v2\/users\/7"}],"replies":[{"embeddable":true,"href":"https:\/\/bogengemeinschaften.de\/muensterstrasse\/wp-json\/wp\/v2\/comments?post=44"}],"version-history":[{"count":7,"href":"https:\/\/bogengemeinschaften.de\/muensterstrasse\/wp-json\/wp\/v2\/pages\/44\/revisions"}],"predecessor-version":[{"id":176,"href":"https:\/\/bogengemeinschaften.de\/muensterstrasse\/wp-json\/wp\/v2\/pages\/44\/revisions\/176"}],"wp:attachment":[{"href":"https:\/\/bogengemeinschaften.de\/muensterstrasse\/wp-json\/wp\/v2\/media?parent=44"}],"curies":[{"name":"wp","href":"https:\/\/api.w.org\/{rel}","templated":true}]}}

<p><strong>Verantwortlich für Webpräsenz des Bogens Münsterstraße/Münstertor:</strong></p>
<p>Lukas Döhring<br />
<a href="&#x6d;a&#x69;&#108;&#x74;&#111;&#x3a;&#x62;o&#x67;&#101;&#x6e;&#115;&#x75;&#112;p&#x6f;&#114;&#x74;&#64;&#x64;&#105;n&#x77;&#46;&#x64;&#101;">&#98;&#x6f;&#x67;e&#110;&#x73;u&#112;&#x70;&#x6f;r&#116;&#x40;d&#105;&#x6e;&#x77;&#46;&#100;&#x65;</a></p>
<p>&nbsp;</p>
<p><strong>Bogenvorsitzende:<br />
</strong><br />
Tobias Döhring und Friedhelm Seyler</p>
<p>&nbsp;</p>
<p><strong>Verantwortlich für die Pressearbeit:<br />
</strong><br />
Lukas Döhring und Friedhelm Seyler</p>

<p>Verantwortlich für Webpräsenz des Bogens Münsterstraße/Münstertor: Lukas Döhring &#x62;&#x6f;&#x67;&#x65;&#x6e;&#x73;&#x75;&#x70;&#x70;&#x6f;&#x72;&#116;&#64;&#100;&#105;&#110;&#119;&#46;de &nbsp; Bogenvorsitzende: Tobias Döhring und Friedhelm Seyler &nbsp; Verantwortlich für die Pressearbeit: Lukas Döhring und Friedhelm Seyler</p>
