{"id":42,"date":"2018-01-06T23:20:42","date_gmt":"2018-01-06T22:20:42","guid":{"rendered":"https:\/\/bogengemeinschaften.de\/freckenhorster\/?page_id=42"},"modified":"2019-03-23T12:12:57","modified_gmt":"2019-03-23T11:12:57","slug":"historisches","status":"publish","type":"page","link":"https:\/\/bogengemeinschaften.de\/muensterstrasse\/historisches\/","title":{"rendered":"Historisches"},"content":{"rendered":"<h3><strong>Geschichte des Bogens<\/strong><\/h3>\n<p>Das erste vorliegende Protokoll der Bogengemeinschaft M\u00fcnsterstra\u00dfe\/M\u00fcnstertor stammt aus dem Jahr 1897. In diesem Protokoll wurde eine Versammlung aus dem vorangegangenen Jahr 1896 erw\u00e4hnt, \u00e4ltere Protokolle sind nicht bekannt. Aus den bestehenden Protokollen l\u00e4sst sich eine Vielzahl interessanter Informationen ableiten.<\/p>\n<p>Der Bogen wurde urspr\u00fcnglich an der Stra\u00dfe Lange-Kesselstra\u00dfe Kreuzung M\u00fcnsterstra\u00dfe aufgebaut. Es wird vermutet, dass der Standort aufgrund von steigendem Verkehrsaufkommen in den folgenden Jahren neu gew\u00e4hlt wurde. Als neuer Standort wurde der noch heute verwendete ausgew\u00e4hlt, die M\u00fcnsterstra\u00dfe auf H\u00f6he der Kirchgasse. Auch das anf\u00e4nglich verwendete zweis\u00e4ulige Bauweise wurde \u00fcberarbeitet und durch eine mit vier S\u00e4ulen ersetzt. Diese Konstruktion fand bis zum Anfang des zweiten Weltkrieges Verwendung.<\/p>\n<p>Nach Ende des Krieges wurde der Bogen im Jahr 1947 nach Renovierungsarbeiten wiederaufgebaut. Es wurde sich darauf geeinigt, den Bogen von nun an j\u00e4hrlich zu errichten und diesen regelm\u00e4\u00dfig instand zu setzen.<\/p>\n<p>Im Jahr 1959 wurde die Planung eines neu designten Bogens gestartet, da weitere Renovierungsarbeiten am bisherigen Bogen wenig sinnvoll erschienen. Dieser Prozess nahm einige Jahre in Anspruch, bis 1967 das uns noch heute bekannte Erscheinungsbild zum ersten Mal Verwendung fand. Dieser neue gestaltetet Bogen \u00fcberraschte in Form und Materialauswahl, blieb jedoch der Tradition durch seine Gasbeleuchtung treu.<\/p>\n<p><strong>Der Unfall von 1978<\/strong><\/p>\n<p><strong><u>18.August 1978, genau 15:15 Uhr:<\/u><\/strong><\/p>\n<p>Der im Jahre 1967 zum ersten Mal errichtete, komplett neu gestaltete Bogen steht bereits an seinem angestammten Platz auf der M\u00fcnsterstra\u00dfe. Ein LKW-Kran versucht die M\u00fcnsterstra\u00dfe zu passieren und scheitert schlie\u00dflich daran, da er mit dem Bogen kollidiert und diesen dadurch zum Einsturz bringt.<\/p>\n<p>Die Folge war ein total zerst\u00f6rter Bogen, welcher sich als irreperabel erwies.<\/p>\n<p>Somit musste der Bogen bereits nach einer sehr kurzen Lebensdauer von nur zwei Jahren ausgetauscht werden, was aufgrund des Engagements der Bogengemeinschaft und vieler befreundeter Unternehmen auch bis zum n\u00e4chsten Jahr gelang.<\/p>\n<p>Das Geschehen wurde auf diversen Bildern festgehalten, und in der Presse diskutiert. Hier ein kleinen Auszug aus unserem Archiv:<\/p>\n<div data-carousel-extra='{\"blog_id\":7,\"permalink\":\"https:\\\/\\\/bogengemeinschaften.de\\\/muensterstrasse\\\/historisches\\\/\"}' class=\"tiled-gallery type-rectangular\" data-original-width=\"750\"><div class=\"gallery-row\" style=\"width: 745px; height: 180px;\"><div class=\"gallery-group images-1\" style=\"width: 363px; height: 184px;\"><div class=\"tiled-gallery-item tiled-gallery-item-large\"><a href=\"https:\/\/bogengemeinschaften.de\/muensterstrasse\/historisches\/attachment\/6\/\"><img loading=\"lazy\" decoding=\"async\" data-attachment-id=\"68\" data-orig-file=\"https:\/\/bogengemeinschaften.de\/muensterstrasse\/wp-content\/uploads\/sites\/7\/2018\/01\/6.jpg\" data-orig-size=\"1008,504\" data-comments-opened=\"1\" data-image-meta=\"{&quot;aperture&quot;:&quot;0&quot;,&quot;credit&quot;:&quot;&quot;,&quot;camera&quot;:&quot;&quot;,&quot;caption&quot;:&quot;&quot;,&quot;created_timestamp&quot;:&quot;0&quot;,&quot;copyright&quot;:&quot;&quot;,&quot;focal_length&quot;:&quot;0&quot;,&quot;iso&quot;:&quot;0&quot;,&quot;shutter_speed&quot;:&quot;0&quot;,&quot;title&quot;:&quot;&quot;,&quot;orientation&quot;:&quot;0&quot;}\" data-image-title=\"6\" data-image-description=\"\" data-medium-file=\"https:\/\/bogengemeinschaften.de\/muensterstrasse\/wp-content\/uploads\/sites\/7\/2018\/01\/6-300x150.jpg\" data-large-file=\"https:\/\/bogengemeinschaften.de\/muensterstrasse\/wp-content\/uploads\/sites\/7\/2018\/01\/6.jpg\" src=\"https:\/\/bogengemeinschaften.de\/muensterstrasse\/wp-content\/uploads\/sites\/7\/2018\/01\/6-359x180.jpg\" width=\"359\" height=\"180\" align=\"left\" title=\"6\" \/><\/a><\/div><\/div><div class=\"gallery-group images-1\" style=\"width: 382px; height: 184px;\"><div class=\"tiled-gallery-item tiled-gallery-item-large\"><a href=\"https:\/\/bogengemeinschaften.de\/muensterstrasse\/historisches\/attachment\/2\/\"><img loading=\"lazy\" decoding=\"async\" data-attachment-id=\"69\" data-orig-file=\"https:\/\/bogengemeinschaften.de\/muensterstrasse\/wp-content\/uploads\/sites\/7\/2018\/01\/2.jpg\" data-orig-size=\"977,464\" data-comments-opened=\"1\" data-image-meta=\"{&quot;aperture&quot;:&quot;0&quot;,&quot;credit&quot;:&quot;&quot;,&quot;camera&quot;:&quot;&quot;,&quot;caption&quot;:&quot;&quot;,&quot;created_timestamp&quot;:&quot;0&quot;,&quot;copyright&quot;:&quot;&quot;,&quot;focal_length&quot;:&quot;0&quot;,&quot;iso&quot;:&quot;0&quot;,&quot;shutter_speed&quot;:&quot;0&quot;,&quot;title&quot;:&quot;&quot;,&quot;orientation&quot;:&quot;0&quot;}\" data-image-title=\"2\" data-image-description=\"\" data-medium-file=\"https:\/\/bogengemeinschaften.de\/muensterstrasse\/wp-content\/uploads\/sites\/7\/2018\/01\/2-300x142.jpg\" data-large-file=\"https:\/\/bogengemeinschaften.de\/muensterstrasse\/wp-content\/uploads\/sites\/7\/2018\/01\/2.jpg\" src=\"https:\/\/bogengemeinschaften.de\/muensterstrasse\/wp-content\/uploads\/sites\/7\/2018\/01\/2-378x180.jpg\" width=\"378\" height=\"180\" align=\"left\" title=\"2\" \/><\/a><\/div><\/div><\/div><\/div>\n<p><br class=\"\u201cclear\u201d\" \/><br \/>\n<br class=\"\u201cclear\u201d\" \/><br \/>\n<strong>Die Vorsitzenden seit 1896:<\/strong><\/p>\n\n<table id=\"tablepress-1\" class=\"tablepress tablepress-id-1\">\n<tbody class=\"row-striping row-hover\">\n<tr class=\"row-1\">\n\t<td class=\"column-1\">1896-1898<\/td><td class=\"column-2\">Heino Thier,<br \/>\nGastwirt, <br \/>\nM\u00fcnsterstra\u00dfe<\/td>\n<\/tr>\n<tr class=\"row-2\">\n\t<td class=\"column-1\">1898-1904<\/td><td class=\"column-2\">August Krekenberg,<br \/>\nKonditor,<br \/>\nM\u00fcnsterstra\u00dfe<\/td>\n<\/tr>\n<tr class=\"row-3\">\n\t<td class=\"column-1\">1904-1906<\/td><td class=\"column-2\">Herr Gaupel,<br \/>\nRendant<br \/>\n<\/td>\n<\/tr>\n<tr class=\"row-4\">\n\t<td class=\"column-1\">1906-1929<\/td><td class=\"column-2\">Heinrich Hungerk\u00f6tter,<br \/>\nGastwirt, <br \/>\nM\u00fcnsterstra\u00dfe<\/td>\n<\/tr>\n<tr class=\"row-5\">\n\t<td class=\"column-1\">1929-1934<\/td><td class=\"column-2\">Hermann Vorbohle,<br \/>\nB\u00e4ckermeister, <br \/>\nLange Kesselstra\u00dfe<br \/>\n<\/td>\n<\/tr>\n<tr class=\"row-6\">\n\t<td class=\"column-1\">1934-1950<\/td><td class=\"column-2\">Fritz Schoneberg,<br \/>\nAuktionator, M\u00fcnsterstra\u00dfe<\/td>\n<\/tr>\n<tr class=\"row-7\">\n\t<td class=\"column-1\">1950-1957<\/td><td class=\"column-2\">Bernhard Buck,<br \/>\nKaufmann, <br \/>\nWilhelmsplatz<\/td>\n<\/tr>\n<tr class=\"row-8\">\n\t<td class=\"column-1\">1957-1977<\/td><td class=\"column-2\">Josef S\u00fcdfeld,<br \/>\nSchneidermeister, Kr\u00fcckem\u00fchle<\/td>\n<\/tr>\n<tr class=\"row-9\">\n\t<td class=\"column-1\">1977-2004<\/td><td class=\"column-2\">Helmut Merkentrup,<br \/>\nMaurermeister, M\u00fcnsterwall<\/td>\n<\/tr>\n<tr class=\"row-10\">\n\t<td class=\"column-1\">2004-2024<\/td><td class=\"column-2\">Thomas D\u00f6hring,<br \/>\nTischlermeister, Griesenstra\u00dfe<\/td>\n<\/tr>\n<tr class=\"row-11\">\n\t<td class=\"column-1\">2024-heute<\/td><td class=\"column-2\">Thomas D\u00f6hring,<br \/>\nFachinformatiker, Sch\u00fctzenstra\u00dfe<\/td>\n<\/tr>\n<\/tbody>\n<\/table>\n<!-- #tablepress-1 from cache -->\n","protected":false},"excerpt":{"rendered":"<p>Geschichte des Bogens Das erste vorliegende Protokoll der Bogengemeinschaft M\u00fcnsterstra\u00dfe\/M\u00fcnstertor stammt aus dem Jahr 1897. In diesem Protokoll wurde eine Versammlung aus dem vorangegangenen Jahr 1896 erw\u00e4hnt, \u00e4ltere Protokolle sind nicht bekannt. Aus den bestehenden Protokollen l\u00e4sst sich eine Vielzahl<\/p>\n","protected":false},"author":7,"featured_media":0,"parent":0,"menu_order":0,"comment_status":"closed","ping_status":"closed","template":"","meta":{"footnotes":""},"class_list":["post-42","page","type-page","status-publish","hentry"],"_links":{"self":[{"href":"https:\/\/bogengemeinschaften.de\/muensterstrasse\/wp-json\/wp\/v2\/pages\/42","targetHints":{"allow":["GET"]}}],"collection":[{"href":"https:\/\/bogengemeinschaften.de\/muensterstrasse\/wp-json\/wp\/v2\/pages"}],"about":[{"href":"https:\/\/bogengemeinschaften.de\/muensterstrasse\/wp-json\/wp\/v2\/types\/page"}],"author":[{"embeddable":true,"href":"https:\/\/bogengemeinschaften.de\/muensterstrasse\/wp-json\/wp\/v2\/users\/7"}],"replies":[{"embeddable":true,"href":"https:\/\/bogengemeinschaften.de\/muensterstrasse\/wp-json\/wp\/v2\/comments?post=42"}],"version-history":[{"count":8,"href":"https:\/\/bogengemeinschaften.de\/muensterstrasse\/wp-json\/wp\/v2\/pages\/42\/revisions"}],"predecessor-version":[{"id":133,"href":"https:\/\/bogengemeinschaften.de\/muensterstrasse\/wp-json\/wp\/v2\/pages\/42\/revisions\/133"}],"wp:attachment":[{"href":"https:\/\/bogengemeinschaften.de\/muensterstrasse\/wp-json\/wp\/v2\/media?parent=42"}],"curies":[{"name":"wp","href":"https:\/\/api.w.org\/{rel}","templated":true}]}}

<h3><strong>Geschichte des Bogens</strong></h3>
<p>Das erste vorliegende Protokoll der Bogengemeinschaft Münsterstraße/Münstertor stammt aus dem Jahr 1897. In diesem Protokoll wurde eine Versammlung aus dem vorangegangenen Jahr 1896 erwähnt, ältere Protokolle sind nicht bekannt. Aus den bestehenden Protokollen lässt sich eine Vielzahl interessanter Informationen ableiten.</p>
<p>Der Bogen wurde ursprünglich an der Straße Lange-Kesselstraße Kreuzung Münsterstraße aufgebaut. Es wird vermutet, dass der Standort aufgrund von steigendem Verkehrsaufkommen in den folgenden Jahren neu gewählt wurde. Als neuer Standort wurde der noch heute verwendete ausgewählt, die Münsterstraße auf Höhe der Kirchgasse. Auch das anfänglich verwendete zweisäulige Bauweise wurde überarbeitet und durch eine mit vier Säulen ersetzt. Diese Konstruktion fand bis zum Anfang des zweiten Weltkrieges Verwendung.</p>
<p>Nach Ende des Krieges wurde der Bogen im Jahr 1947 nach Renovierungsarbeiten wiederaufgebaut. Es wurde sich darauf geeinigt, den Bogen von nun an jährlich zu errichten und diesen regelmäßig instand zu setzen.</p>
<p>Im Jahr 1959 wurde die Planung eines neu designten Bogens gestartet, da weitere Renovierungsarbeiten am bisherigen Bogen wenig sinnvoll erschienen. Dieser Prozess nahm einige Jahre in Anspruch, bis 1967 das uns noch heute bekannte Erscheinungsbild zum ersten Mal Verwendung fand. Dieser neue gestaltetet Bogen überraschte in Form und Materialauswahl, blieb jedoch der Tradition durch seine Gasbeleuchtung treu.</p>
<p><strong>Der Unfall von 1978</strong></p>
<p><strong><u>18.August 1978, genau 15:15 Uhr:</u></strong></p>
<p>Der im Jahre 1967 zum ersten Mal errichtete, komplett neu gestaltete Bogen steht bereits an seinem angestammten Platz auf der Münsterstraße. Ein LKW-Kran versucht die Münsterstraße zu passieren und scheitert schließlich daran, da er mit dem Bogen kollidiert und diesen dadurch zum Einsturz bringt.</p>
<p>Die Folge war ein total zerstörter Bogen, welcher sich als irreperabel erwies.</p>
<p>Somit musste der Bogen bereits nach einer sehr kurzen Lebensdauer von nur zwei Jahren ausgetauscht werden, was aufgrund des Engagements der Bogengemeinschaft und vieler befreundeter Unternehmen auch bis zum nächsten Jahr gelang.</p>
<p>Das Geschehen wurde auf diversen Bildern festgehalten, und in der Presse diskutiert. Hier ein kleinen Auszug aus unserem Archiv:</p>
<div data-carousel-extra='{"blog_id":7,"permalink":"https:\/\/bogengemeinschaften.de\/muensterstrasse\/historisches\/"}' class="tiled-gallery type-rectangular" data-original-width="750"><div class="gallery-row" style="width: 745px; height: 180px;"><div class="gallery-group images-1" style="width: 363px; height: 184px;"><div class="tiled-gallery-item tiled-gallery-item-large"><a href="https://bogengemeinschaften.de/muensterstrasse/historisches/attachment/6/"><img loading="lazy" decoding="async" data-attachment-id="68" data-orig-file="https://bogengemeinschaften.de/muensterstrasse/wp-content/uploads/sites/7/2018/01/6.jpg" data-orig-size="1008,504" data-comments-opened="1" data-image-meta="{&quot;aperture&quot;:&quot;0&quot;,&quot;credit&quot;:&quot;&quot;,&quot;camera&quot;:&quot;&quot;,&quot;caption&quot;:&quot;&quot;,&quot;created_timestamp&quot;:&quot;0&quot;,&quot;copyright&quot;:&quot;&quot;,&quot;focal_length&quot;:&quot;0&quot;,&quot;iso&quot;:&quot;0&quot;,&quot;shutter_speed&quot;:&quot;0&quot;,&quot;title&quot;:&quot;&quot;,&quot;orientation&quot;:&quot;0&quot;}" data-image-title="6" data-image-description="" data-medium-file="https://bogengemeinschaften.de/muensterstrasse/wp-content/uploads/sites/7/2018/01/6-300x150.jpg" data-large-file="https://bogengemeinschaften.de/muensterstrasse/wp-content/uploads/sites/7/2018/01/6.jpg" src="https://bogengemeinschaften.de/muensterstrasse/wp-content/uploads/sites/7/2018/01/6-359x180.jpg" width="359" height="180" align="left" title="6" /></a></div></div><div class="gallery-group images-1" style="width: 382px; height: 184px;"><div class="tiled-gallery-item tiled-gallery-item-large"><a href="https://bogengemeinschaften.de/muensterstrasse/historisches/attachment/2/"><img loading="lazy" decoding="async" data-attachment-id="69" data-orig-file="https://bogengemeinschaften.de/muensterstrasse/wp-content/uploads/sites/7/2018/01/2.jpg" data-orig-size="977,464" data-comments-opened="1" data-image-meta="{&quot;aperture&quot;:&quot;0&quot;,&quot;credit&quot;:&quot;&quot;,&quot;camera&quot;:&quot;&quot;,&quot;caption&quot;:&quot;&quot;,&quot;created_timestamp&quot;:&quot;0&quot;,&quot;copyright&quot;:&quot;&quot;,&quot;focal_length&quot;:&quot;0&quot;,&quot;iso&quot;:&quot;0&quot;,&quot;shutter_speed&quot;:&quot;0&quot;,&quot;title&quot;:&quot;&quot;,&quot;orientation&quot;:&quot;0&quot;}" data-image-title="2" data-image-description="" data-medium-file="https://bogengemeinschaften.de/muensterstrasse/wp-content/uploads/sites/7/2018/01/2-300x142.jpg" data-large-file="https://bogengemeinschaften.de/muensterstrasse/wp-content/uploads/sites/7/2018/01/2.jpg" src="https://bogengemeinschaften.de/muensterstrasse/wp-content/uploads/sites/7/2018/01/2-378x180.jpg" width="378" height="180" align="left" title="2" /></a></div></div></div></div>
<p><br class="“clear”" /><br />
<br class="“clear”" /><br />
<strong>Die Vorsitzenden seit 1896:</strong></p>

<table id="tablepress-1" class="tablepress tablepress-id-1">
<tbody class="row-striping row-hover">
<tr class="row-1">
	<td class="column-1">1896-1898</td><td class="column-2">Heino Thier,<br />
Gastwirt, <br />
Münsterstraße</td>
</tr>
<tr class="row-2">
	<td class="column-1">1898-1904</td><td class="column-2">August Krekenberg,<br />
Konditor,<br />
Münsterstraße</td>
</tr>
<tr class="row-3">
	<td class="column-1">1904-1906</td><td class="column-2">Herr Gaupel,<br />
Rendant<br />
</td>
</tr>
<tr class="row-4">
	<td class="column-1">1906-1929</td><td class="column-2">Heinrich Hungerkötter,<br />
Gastwirt, <br />
Münsterstraße</td>
</tr>
<tr class="row-5">
	<td class="column-1">1929-1934</td><td class="column-2">Hermann Vorbohle,<br />
Bäckermeister, <br />
Lange Kesselstraße<br />
</td>
</tr>
<tr class="row-6">
	<td class="column-1">1934-1950</td><td class="column-2">Fritz Schoneberg,<br />
Auktionator, Münsterstraße</td>
</tr>
<tr class="row-7">
	<td class="column-1">1950-1957</td><td class="column-2">Bernhard Buck,<br />
Kaufmann, <br />
Wilhelmsplatz</td>
</tr>
<tr class="row-8">
	<td class="column-1">1957-1977</td><td class="column-2">Josef Südfeld,<br />
Schneidermeister, Krückemühle</td>
</tr>
<tr class="row-9">
	<td class="column-1">1977-2004</td><td class="column-2">Helmut Merkentrup,<br />
Maurermeister, Münsterwall</td>
</tr>
<tr class="row-10">
	<td class="column-1">2004-2024</td><td class="column-2">Thomas Döhring,<br />
Tischlermeister, Griesenstraße</td>
</tr>
<tr class="row-11">
	<td class="column-1">2024-heute</td><td class="column-2">Thomas Döhring,<br />
Fachinformatiker, Schützenstraße</td>
</tr>
</tbody>
</table>
<!-- #tablepress-1 from cache -->

<p>Geschichte des Bogens Das erste vorliegende Protokoll der Bogengemeinschaft Münsterstraße/Münstertor stammt aus dem Jahr 1897. In diesem Protokoll wurde eine Versammlung aus dem vorangegangenen Jahr 1896 erwähnt, ältere Protokolle sind nicht bekannt. Aus den bestehenden Protokollen lässt sich eine Vielzahl</p>
